-50 - (18 + -68)) + -1 + 1).
23
(-20 - 1) + (-42 + 0 + 33 - -15)
-15
Evaluate (46 - 105) + 45 - 1.
-15
Calculate (-6 - (13 + -17 + 0)) + 53.
51
What is (9 - 7 - 15 - (-23 + 15)) + -11?
-16
Calculate -5 + (46 - 0) + -64.
-23
Evaluate -24 - (-63 + (58 - 28)) - 10.
-1
Calculate -2 + (32 - (30 - 61 - -1)).
60
(0 - ((11 - 9) + 7 + 4)) + -16
-29
What is -17 + 18 - 6 - ((2 - 4) + 1 + -33)?
29
Evaluate 23 - (-70 + 92 - -34).
-33
Evaluate -1 + -57 - (-1825 - -1760).
7
What is the value of (-38 - -18) + 52 - (12 - 8)?
28
Evaluate (-169 - -122) + (3 - -79).
35
Calculate 9 + -56 - -124 - (-3 - -26).
54
29 + 26 + (-1 - 3)
51
What is the value of (39 - -11) + -83 + 1?
-32
Calculate -2 + (-286 + 317 - (13 - (-1 + 3))).
18
Calculate (5 - 44) + 51 - (3 - 16).
25
Calculate 58 + 3 + (-12 - ((7 - -2) + -24) - -2).
66
Evaluate 230 + (-5 - 144) + -15.
66
3 + (6 - 20) + (15 - -4) + -8
0
-11 - (-26 - (10 + -173) - 36)
-112
-112 + 22 + (54 - 60) + (0 - 4) + -26
-126
Evaluate (97 - (188 + -72)) + 0 + 16 + 2.
-1
-3 - (21 + -43) - (1 - -44)
-26
Evaluate -116 - (-13 - (7 + (2 - (-4 + 2)) + -15)).
-107
Evaluate (3312 - 3337) + 56 + 0.
31
Evaluate 8 + -40 - ((-53 - 74) + 51).
44
(-2 - 2) + -3 + 33 + (-56 - -36) - 31
-25
What is the value of 50 - ((3 - ((0 - -10 - -7) + 4)) + 10)?
58
What is the value of 14 + (-7 - 7) + 20 + 3 - -5?
28
What is the value of (-30 - (-14 + (-13 - -34))) + 1 + -10 + 7?
-39
54 + -4 + -154 + 136 + -24
8
Evaluate 8 - (27 + -5) - (-53 + 73).
-34
What is (-30 - (-7 - (-26 - -6))) + 8 + -1?
-36
What is 93 + -141 - 50 - -33?
-65
Evaluate (-56 - -1) + -54 + 69 + 1 + -22.
-61
What is the value of 2 + (8 - (21 + -14)) + 39?
42
-11202 - -10990 - (3 - 98)
-117
What is the value of -8 - (0 - -12 - (62 - 59) - 10) - -1?
-6
Evaluate 70 + -3 + (3 - 27) + 232 + -214.
61
Evaluate -59 + 108 + (-4 - 11 - -17).
51
What is -60 + 1 + -273 + (-269 - -547)?
-54
What is the value of 9 - (40 + 4 + (-22 - -32))?
-45
Calculate 0 + 21 + (805 - 801) + -115.
-90
What is the value of -29 + (-116 - (-137 - 18))?
10
Calculate -35 + 13 - (6 - -17).
-45
What is 7 + 1 - (-92 + (23 - 22 - 15))?
114
Evaluate 58 - (18 - -33) - -48.
55
Calculate -16 + (3 + -16 - 1) + (-18 - -27).
-21
Calculate (-54 + 204 - (0 + 3)) + -37 + -28 + 51.
133
What is the value of -10 - (-26 - -4) - (-87 + 21)?
78
Calculate 10 + 1 + -4 + (-7 - (0 + -8)).
8
What is -1 + -12 - ((67 - 132) + 39) - 24?
-11
6 + (-22 - -20) + 16 + -11
9
What is 8 - 82 - (-81 - -100)?
-93
(-25 - (-25 - (-2 + 2))) + (11 - -1)
12
What is the value of 97 - (14 + -24 - -50)?
57
Calculate 12 + (-64 + 19 - -35) - (0 + (-1 - -65)).
-62
Calculate 19 - (11 + 10 - 15) - -26.
39
Evaluate 2404 + -2526 - (-4 - 99).
-19
Calculate -80 + (49 + -33 - -16).
-48
Calculate 10 - (78 - (-8 - -55)).
-21
Evaluate (7 - (4 - -14) - -41) + -7 - (1 - -9).
13
Evaluate 50 - 94 - -82 - -2.
40
Calculate -4 - (-13 - -9 - (0 + 9)) - (296 + -221).
-66
60 - (112 - 118 - -15)
51
What is (28 - -36 - 95) + 38?
7
What is (34 - 115) + 37 - 2?
-46
Evaluate (6 - -132) + -75 + -15.
48
Calculate (24 - 27) + 29 + (17 - -6).
49
What is -44 - (-22 + 55 + -17)?
-60
What is 12 - (44 - (5 - -12) - -32)?
-47
What is the value of -64 - -110 - 67 - (2 + 5)?
-28
(25 - 17) + (1 + -3 - (22 + 13))
-29
35 - (-5 + (9 - (8 - -21)))
60
Calculate -32 + (35 - (-8 + -11 - -10)).
12
Evaluate 26 - (0 + (8 + (2 - 11) - 10)).
37
Evaluate 166 - (285 + -46 + -2).
-71
Calculate 110 + -73 + -159 + (1 - -36).
-85
What is -34 + -7 - (43 - 66)?
-18
Calculate -10 + (-22 - 15) + (241 - 58).
136
(5 - 54 - (0 + 3 + -3)) + 4 + -3
-48
Evaluate -79 + -1 + (2 - 41 - (-276 + 259)).
-102
What is (0 + 10 + (-282 - -320) - 10) + (0 - -1)?
39
What is the value of -15 - ((1 - -2) + -28 + 24 + -59)?
45
Evaluate 14 - (22 - (5 + 13) - ((-62 - 4) + -3)).
-59
Evaluate (7 - (2 - -1)) + -38 + -48 + -11 + 2.
-91
What is the value of (56 - 16) + -60 + (3 - (2 - 0)) + -1?
-20
Calculate (20 - -49) + (1 - -10) + -15 - (-2 + 13).
54
Calculate -5 - (6 + -8) - (-297 - -418).
-124
Evaluate -20 - (-33 - (-53 - 9)) - -31.
-18
Evaluate 22 + -1 + 2393 + -2401.
13
What is (10 - -24) + 31 + (48 - 147)?
-34
What is (-10 - (0 - 2)) + (93 + -39 - 54) - -87?
79
-20 + 8 + -3 + 9 + (40 - -2)
36
Calculate 16 + -53 + 14 + 23 - -7.
7
-8 + 28 - (11 + 12 + -6)
3
What is -3 + (5 - 10 - -13) + -8 + -45?
-48
What is the value of 21 - (-17 - 3) - 40 - -27?
28
Evaluate -22 - (-78 - -57) - (-3 + -1) - 14.
-11
Calculate 12 + -2 - (122 + -111) - 7 - -49.
41
What is 54 - (42 + -19 + -20 + 16 + -37)?
72
What is the value of -18 - (-14 - -2) - 17?
-23
Calculate 23 + (-20 + 69 - 115).
-43
Calculate -9 + (7 - -4) + (96 - 114).
-16
Calculate (-19 + -34 - -47) + 47.
41
What is the value of -9 - (2 + -29 - (-6 + (11 - 6)))?
17
(4653 - 4652) + 1 + (-4 - 1) - -39
36
Evaluate (9 - (17 + -57)) + -88.
-39
What is -9 + (0 - (-10 + 27 - 8 - 13))?
-5
Calculate -3 - 4 - 0 - (-69 + 43).
19
Calculate 2 + -1 + 2 + -8 - (43 + -3) - 6.
-51
-37 + -39 + 46 + 58
28
What is the value of (-10 - (14 + -2 + -3)) + -11?
-30
Calculate -43 - 1 - (12 - (-4 - (4 - 17))).
-47
Calculate -8 + -10 + 20 + -12 + 157.
147
Evaluate (215 - 86) + -116 + 3.
16
-32 + (59 - (75 + 27))
-75
Evaluate -81 + 126 - (-14 + (39 - -5)).
15
Evaluate (-31 - (-26 - 25) - 20) + -69.
-69
Evaluate 2 - ((5 - 1 - -25) + (-26 - -20)).
-21
Evaluate -6 - (-15 + 0 + 9) - ((14 - 7) + 42).
-49
What is the value of (29 - 46 - 29) + 21 + 167?
142
Evaluate -1 + -6 + (3 - 22 - -1) + (300 - 252).
23
What is 32 + -41 + 16 - (2 + 1 - -55)?
-51
Evaluate (-9 - -2) + 7 + -11 + 7 - (97 - 8).
-93
23 + (-28 - (129 - 115))
-19
Evaluate 3 + 29 - 45 - -63.
50
Calculate (3 - 2 - -50) + (-10 - -31 - (69 - 47)).
50
What is the value of 16 - -27 - (-10 - (42 + -51))?
44
Calculate (-57 - -131) + 21 + -12 + (1 - 24).
60
Calculate 30 + -61 + 4 + 34.
7
What is (-19 - 0 - (882 + -873)) + 67?
39
Calculate (-67 - (61 - 126)) + -29.
-31
Evaluate 5 - (65 - -4) - (630 + -644).
-50
What is 141 - (-131 + -111 + 359)?
24
(-7351 - -7412) + -1 + -97
-37
Calculate 28 - (-30 + -9 + 19 + 23).
25
-82 - -56 - -89 - -5
68
What is -36 - (38 - 42 - 37)?
5
What is -67 - (-34 - -10) - (-2 - 4 - -1 - -4)?
-42
What is -7 + 3 + 1 + 51 + -23 + (-43 - 9)?
-27
Evaluate 1 + -2 + -3 - (4 - 10) - (-75 - -16).
61
6 - ((13 + -10 - 9) + -7 + 4)
15
Calculate -121 - (-127 + -18 + 32).
-8
Evaluate (-128 - 3) + (-12 - 33) + 31.
-145
What is the value of 21 - (-20 + 10 + 0 - -23) - 20?
-12
Calculate 91 + -3 + (10 - (6 + -6)) - (18 - 25).
105
11 + -23 + 17 + -11 - (9 + -2 - -41)
-54
4 - (16 + (5 + 0 - (26 - 25 - 50)))
-66
Calculate (-10 - 0 - (27 + -46)) + (3 - -32 - -11).
55
What is 2 + 14 + (-1 - -2 - 32) + 81?
66
What is (-18 - (0 - -32)) + 3 - -22?
-25
Evaluate -4 + 0 + 11 + -13 + 16 + (1 - 8).
3
Calculate (-148 - (137 + -274)) + (2 - (-2 + -40)).
33
-4 - -55 - (157 + -154)
48
What is (5 + 0 - (148 + -135)) + 3 + (-4 - 3)?
-12
What is 137 - ((26 - (10 + 0)) + -71 + 55)?
137
What is (-2 - (-4 - 2 - (-13 - (-25 - -18)))) + -74?
-76
Calculate -9 + 3 + 0 + 5 + 8 - -11.
18
Calculate (-55 - -10) + -30 + 92.
17
Calculate (-2734 - -2828) + -45 + -1.
48
Evaluate (-78 - (-139 - -49)) + (-2 + 0 - 39).
-29
What is (177 - 209) + 25 - (3 + 116)?
-126
What is the value of (-81 + 80 - -82) + -112?
-31
What is the value of 55 - (160 + -39 + -10)?
-56
2 + 7 + 0 - (-22 + 16 + -1)
16
Evaluate 15 + -16 - (-4 + -24 - 1).
28
(-12 - (-1 + 3)) + -81 + 32 + 55
-8
Evaluate -1 + -3 + ((-3 - 6) + 5 - -2).
-6
What is the value of (-16 + -20 - -22) + 12 + 11?
9
What is -4 + -14 + (15 + -3 - (-37 + -26))?
57
Calculate 72 - 21 - (3 + (-9 - (4 - 4))).
57
What is the value of 20 + -8 + (-35 - -11)?
-12
What is the value of (4 - 11) + (-868 - -865) - (-20 - -1)?
9
Calculate -6 + 34 + (-4 + 12 - 7).
29
Evaluate 6 + -1 + 5 + (-2051 - -2105).
64
-4 + (19 + -21 - -13 - 58)
-51
What is 4 + (10 + (-38 - 22) - -8)?
-38
Calculate -3655 + 3602 + (1 - 22).
-74
(-84 - -110) + -17 + (1 - -36)
46
Evaluate -33 + 29 + (-26 - -59).
29
What is (-61 - (-15 + -145)) + -4 + -3?
92
Calculate 29 + (40 - 69) + 7.
7
(-2 + 0 + 1 - 2) + (140 - 199 - -140)
78
76 + -78 - (-50 + 27)
21
What is the value of 475 - 509 - (2 - -1)?
-37
Evaluate 16 + -44 - (2 + -20) - (-1 + 3).
-12
What is the value of 130 + (-66 - (61 - 58))?
61
Evaluate 65 + -20 - (7